 is divided by 13?
11
Let g(w) = -w**2 + 2*w + 75. Let z(k) = k**3 + k**2 + 25. Let l be z(0). Let f = l + -2. What is the remainder when f is divided by g(9)?
11
Let y(q) = -q**2 - 26*q - 69. What is the remainder when 37 is divided by y(-22)?
18
Let w be (-1064)/(-20) - (-1)/(-5). Suppose -z = -5*x + 310, -x + 2*z + 0*z = -w. What is the remainder when x is divided by 22?
19
Suppose 4*c = 2*b - 314, 5*b = -4*c + 6*c + 777. Suppose -2*w - 3*w = -b. Suppose -w - 64 = -5*l. What is the remainder when 73 is divided by l?
16
Suppose -151 = 4*k - 7*k + 191. Suppose 3*g + 156 = 7*g. Calculate the remainder when k is divided by g.
36
Suppose -3*c - 18*c + 11382 = 0. What is the remainder when c is divided by 21?
17
Let s(p) = 2*p**2 - 3*p - 1. Let t be s(3). Suppose -10 = 3*y - t*y. Let a = y - -7. What is the remainder when 24 is divided by a?
6
Let g be 2/(-4)*-2 + 1. Suppose 2*p - 3 = g*h + 11, -5*p - h + 47 = 0. Let f(i) = 49*i + 16. What is the remainder when f(0) is divided by p?
7
Let a = -65 + 67. Let n = 27 + 31. Suppose -2*w - 7 = -1, a*w + n = v. Calculate the remainder when v is divided by 27.
25
Suppose 17*g = -10*g + 8775. Calculate the remainder when g is divided by 8.
5
Suppose 18 = l - 3. Suppose 0 = -6*c + 3*c + 78. Let r = c + -15. What is the remainder when l is divided by r?
10
Suppose -q + 35 = 2*c + 11, q + 3*c - 26 = 0. What is the remainder when 446 is divided by q?
6
Let o(s) = -7*s**3 - 8*s**2 - 2*s - 15. Let r(c) = 4*c**3 + 4*c**2 + c + 8. Let x(w) = -3*o(w) - 5*r(w). Calculate the remainder when 40 is divided by x(-3).
7
Let f(s) = 11*s**2 - 10*s - 11. What is the remainder when f(-3) is divided by 7?
6
Let u(s) be the first derivative of -s**4/4 - 7*s**3/3 + s**2 + 3*s - 7. What is the remainder when u(-8) is divided by 18?
15
Suppose -2*p - 4*n + 20 = 0, 5*p - 5*n = 91 - 11. What is the remainder when 28 is divided by p?
0
Suppose d - 2*m - 3 = 0, 2*m - 3 = 1. Calculate the remainder when 74 is divided by d.
4
Let b = 618 - 563. What is the remainder when 384 is divided by b?
54
Calculate the remainder when (-24)/44 - (-98302)/253 is divided by 17.
14
Suppose -2*d - 3*i = 2*i + 19, -d - 7 = 2*i. Let j(k) = -2*k**2 + k + 2*k**3 - 549 + 550 - 3*k. What is the remainder when j(d) is divided by 17?
14
Let o be (2 - 2)*5/(-5). Let g be 11 - (0 + (o - -2)). Suppose -12*i + g*i + 117 = 0. Calculate the remainder when i is divided by 10.
9
Suppose 23 - 89 = -2*d. Suppose -d*y + 29*y = -108. What is the remainder when y is divided by 7 - 0/(0 - 2)?
6
Let m = -27 - -49. Calculate the remainder when m is divided by 9.
4
Let x(g) be the third derivative of 0*g + 0 + 13/24*g**4 + 4*g**2 + 1/6*g**5 - 1/120*g**6 - 5/6*g**3. What is the remainder when 65 is divided by x(11)?
14
Let p = 27 - 7. Let a(l) = -3*l**3 + l**2 + 2*l - 2. What is the remainder when a(-2) is divided by 5/p + (-94)/(-8)?
10
Let g = 1814 + -1577. What is the remainder when g is divided by 34?
33
Suppose -q = -5*q + 20. Suppose -q*s - 5*i + 81 = -374, 3*s = -4*i + 269. Let c = s + -59. Calculate the remainder when c is divided by 13.
10
Suppose 8*z - 12*z = -148. Calculate the remainder when z is divided by (-112)/12*6/(-4).
9
Let l(b) = b**3 + 4*b**2 + b + 1. Let z be l(-4). Let h be z + 2 - -2*1. Let u = h + 28. Calculate the remainder when u is divided by 8.
5
Let r = 20 + -8. Let y(f) = f + 20. What is the remainder when y(r) is divided by 17?
15
Let v be 3 - (0 + 2 - 3). Let n be 7*v*(-9)/(-14). Let l = 9 + n. Calculate the remainder when l is divided by 14.
13
Suppose 5*s + 114 = 2*t, t + 3*t - 2*s - 196 = 0. What is the remainder when t is divided by 21?
5
Let n = -39 + 190. What is the remainder when n is divided by 7?
4
Let k(s) = 6*s**3 + 88*s**2 + 16*s + 25. Calculate the remainder when k(-14) is divided by 7.
4
Suppose 4*c - a + 124 = -0*c, 2*a + 31 = -c. Let l = c + 41. What is the remainder when 49 is divided by l?
9
Calculate the remainder when (-10)/(-2) + -8 - -113 - 4 is divided by 55.
51
Suppose 5*i - 69 = 196. Suppose -4*u - 45 - 75 = 0. Let j = u + i. Calculate the remainder when 65 is divided by j.
19
Suppose 5*a + 5*z - 30 = 0, 13*a - 10*a = 2*z + 23. What is the remainder when 24 is divided by a?
3
Suppose 0 = 5*z + o - 17, 5*z = z + 3*o + 25. Suppose 20 = 2*l + z. What is the remainder when 39 is divided by l?
7
Let a = -8 - -15. Let x = a - -7. What is the remainder when (-3 + x/3)*30 is divided by 13?
11
Let i be ((-51)/21 - -3)*35/10. Suppose 0*o - 90 = -2*o - i*m, -2*o + 90 = 3*m. Calculate the remainder when o is divided by 10.
5
Suppose -45*v = -936 - 1269. Let m(c) = 3*c**2 + 7*c + 5. Calculate the remainder when v is divided by m(-4).
24
Suppose 48*c = 66*c - 216. What is the remainder when c is divided by (1/(-3))/((-4)/60)?
2
Suppose 5*u - 10 = 3*u. Let q be (u/(-5))/((-2)/10). Suppose i - q = -0*i. Calculate the remainder when 16 is divided by i.
1
Suppose 0 = -2*d - 56 + 110. What is the remainder when 78 is divided by d?
24
What is the remainder when (75/(-30))/(((-5)/16)/5) is divided by 21?
19
Suppose -5*m = -3*a + 173, 0*a + 3*m + 315 = 5*a. Suppose 4*t = 162 - 22. What is the remainder when a is divided by t?
31
Suppose -2*b + s - 217 = 0, 6*b + 3*s + 303 = 3*b. Let n = -88 - b. What is the remainder when n is divided by 5?
3
Suppose -7*m + 171 = -2*m + 2*n, 0 = 3*m - 3*n - 111. Let v = -60 + 130. Suppose -3*q + 131 + v = 0. Calculate the remainder when q is divided by m.
32
Let j be (-42)/(-8)*(-3 - -7). Suppose -16*p - 75 = -j*p. What is the remainder when 103 is divided by p?
13
Let x = 65 - 62. Let g = x + 7. Calculate the remainder when g is divided by 3.
1
Suppose -2*d = 4*y - 40, 14 = 2*y - d - 2. Let x be ((-102)/(-9))/((-2)/(-9)). Suppose 2*o = -o + x. What is the remainder when o is divided by y?
8
Suppose -142*a = -124*a - 630. Calculate the remainder when 593 is divided by a.
33
Let w = 7 - 1. Suppose -3*y + 2*y - w = 0. Let j = y - -21. Calculate the remainder when j is divided by 8.
7
Suppose -54 = -3*a + 7*m - 4*m, 3*m = 5*a - 90. Suppose -4*p - 2 = -a. Suppose -p*w = -5*w + 9. What is the remainder when 26 is divided by w?
8
Let q(i) = 4*i**2 + i. Let b = 15 - 11. Let v be (-3)/b*(-24)/9. Calculate the remainder when 71 is divided by q(v).
17
Let l be ((-20)/(-8))/(1/(-2)). Let u = 18 + 2. What is the remainder when (-10)/25 + (-182)/l is divided by u?
16
Suppose -5*f = -5*p + 40, 1 - 13 = -2*p - 2*f. Let a = 36 - 34. Let q(v) = 2*v**3 + 2*v - 3. Calculate the remainder when q(a) is divided by p.
3
Let y = 1945 + -1936. What is the remainder when 665 is divided by y?
8
Let s(n) = 51*n + 69. Calculate the remainder when s(11) is divided by 158.
156
Let b(r) = r + 10. Let w be b(-7). Suppose 4 = w*l - 11. What is the remainder when 17 is divided by l?
2
Let j(g) be the second derivative of -5*g**5/4 + g**4/12 - 19*g. Calculate the remainder when 101 is divided by j(-1).
23
Suppose t + 5*c - 3 + 1 = 0, 5*t - 31 = -4*c. Let o(f) = -f**3 + 8*f**2 - 3*f - 20. What is the remainder when 30 is divided by o(t)?
6
Let m(f) = f**2 - 2*f + 11. Let k be m(0). Suppose 7*w = k*w - 68. Let q = w - 4. What is the remainder when 64 is divided by q?
12
Suppose 0 = 2*d - b - 50 + 14, -3*d + 64 = -4*b. What is the remainder when 635 is divided by d?
11
Suppose 0 = y - 2 - 0. Suppose 2*f + y*f - 12 = 0. Suppose -f*j - 87 = -5*m, -2*m - j = -m - 11. What is the remainder when 43 is divided by m?
13
Let q(y) = y**2 - 3*y. Let c be q(-3). Let p = c - -25. What is the remainder when 171 is divided by p?
42
Let n = 232 + -167. Calculate the remainder when n is divided by 28.
9
Let s(y) = y**2 + 5*y - 2. Let v be s(-6). Suppose -v*g + 64 = -2*g. Suppose -q + g = -13. Calculate the remainder when q is divided by 16.
13
Let o = -7 - -37. Let a(u) = u**3 + 19*u**2 - u - 75. What is the remainder when a(-18) is divided by o?
27
Let f = -3 - 0. Let m be (f - (-3)/(-1))/2. What is the remainder when 2*(m + 308/8) is divided by 37?
34
Suppose -3*j + 13 = 2*j - 2*g, 5*g = -2*j + 11. Let v be ((-1170)/25)/(j/(-10)). Suppose -3*q - q + v = 0. What is the remainder when q is divided by 8?
7
What is the remainder when 216 is divided by 72/(-108) + ((-230)/(-3) - 2)?
68
Suppose 0 = -5*m + 3*x - 6*x + 682, -8 = -2*x. Calculate the remainder wh